{"id":782,"date":"2025-12-06T16:06:56","date_gmt":"2025-12-06T15:06:56","guid":{"rendered":"https:\/\/www.loewenstein-marketing.de\/?page_id=782"},"modified":"2025-12-06T16:58:40","modified_gmt":"2025-12-06T15:58:40","slug":"cookie-richtlinie-eu","status":"publish","type":"page","link":"https:\/\/www.loewenstein-marketing.de\/index.php\/cookie-richtlinie-eu\/","title":{"rendered":"Cookie-Richtlinie (EU)"},"content":{"rendered":"\t\t<div data-elementor-type=\"wp-page\" data-elementor-id=\"782\" class=\"elementor elementor-782\" data-elementor-post-type=\"page\">\n\t\t\t\t<div class=\"elementor-element elementor-element-e5c7f7d e-flex e-con-boxed e-con e-parent\" data-id=\"e5c7f7d\" data-element_type=\"container\" data-e-type=\"container\">\n\t\t\t\t\t<div class=\"e-con-inner\">\n\t\t\t\t<div class=\"elementor-element elementor-element-c4aa6bd elementor-widget elementor-widget-heading\" data-id=\"c4aa6bd\" data-element_type=\"widget\" data-e-type=\"widget\" data-widget_type=\"heading.default\">\n\t\t\t\t<div class=\"elementor-widget-container\">\n\t\t\t\t\t<h2 class=\"elementor-heading-title elementor-size-default\">COOKIE-RICHTLINIE (EU)<\/h2>\t\t\t\t<\/div>\n\t\t\t\t<\/div>\n\t\t\t\t<div class=\"elementor-element elementor-element-7911f6b elementor-widget elementor-widget-text-editor\" data-id=\"7911f6b\" data-element_type=\"widget\" data-e-type=\"widget\" data-widget_type=\"text-editor.default\">\n\t\t\t\t<div class=\"elementor-widget-container\">\n\t\t\t\t\t\t\t\t\t<p>L\u00f6wenstein-Unternehmenskommunikation<\/p>\t\t\t\t\t\t\t\t<\/div>\n\t\t\t\t<\/div>\n\t\t\t\t\t<\/div>\n\t\t\t\t<\/div>\n\t\t<div class=\"elementor-element elementor-element-602857c e-flex e-con-boxed e-con e-parent\" data-id=\"602857c\" data-element_type=\"container\" data-e-type=\"container\">\n\t\t\t\t\t<div class=\"e-con-inner\">\n\t\t\t\t<div class=\"elementor-element elementor-element-51a64b9 elementor-widget elementor-widget-heading\" data-id=\"51a64b9\" data-element_type=\"widget\" data-e-type=\"widget\" data-widget_type=\"heading.default\">\n\t\t\t\t<div class=\"elementor-widget-container\">\n\t\t\t\t\t<h2 class=\"elementor-heading-title elementor-size-default\">1. Was sind Cookies?<\/h2>\t\t\t\t<\/div>\n\t\t\t\t<\/div>\n\t\t\t\t<div class=\"elementor-element elementor-element-447fdce elementor-widget elementor-widget-text-editor\" data-id=\"447fdce\" data-element_type=\"widget\" data-e-type=\"widget\" data-widget_type=\"text-editor.default\">\n\t\t\t\t<div class=\"elementor-widget-container\">\n\t\t\t\t\t\t\t\t\t<p data-start=\"547\" data-end=\"769\">Cookies sind kleine Textdateien, die beim Besuch einer Website auf Ihrem Endger\u00e4t gespeichert werden. Cookies erm\u00f6glichen es der Website, Ihr Ger\u00e4t zu erkennen, Einstellungen zu speichern oder Nutzungsdaten zu analysieren.<br \/><br \/><\/p><p data-start=\"771\" data-end=\"909\">Cookies werden in <strong data-start=\"789\" data-end=\"820\">tempor\u00e4re (Session-Cookies)<\/strong> und <strong data-start=\"825\" data-end=\"847\">dauerhafte Cookies<\/strong> sowie in <strong data-start=\"857\" data-end=\"867\">eigene<\/strong> und <strong data-start=\"872\" data-end=\"897\">Drittanbieter-Cookies<\/strong> unterteilt.<\/p>\t\t\t\t\t\t\t\t<\/div>\n\t\t\t\t<\/div>\n\t\t\t\t\t<\/div>\n\t\t\t\t<\/div>\n\t\t<div class=\"elementor-element elementor-element-2cff9ba e-flex e-con-boxed e-con e-parent\" data-id=\"2cff9ba\" data-element_type=\"container\" data-e-type=\"container\">\n\t\t\t\t\t<div class=\"e-con-inner\">\n\t\t\t\t<div class=\"elementor-element elementor-element-3ceb0f2 elementor-widget elementor-widget-heading\" data-id=\"3ceb0f2\" data-element_type=\"widget\" data-e-type=\"widget\" data-widget_type=\"heading.default\">\n\t\t\t\t<div class=\"elementor-widget-container\">\n\t\t\t\t\t<h2 class=\"elementor-heading-title elementor-size-default\">2. Wie wir Cookies verwenden<\/h2>\t\t\t\t<\/div>\n\t\t\t\t<\/div>\n\t\t\t\t<div class=\"elementor-element elementor-element-45e928a elementor-widget elementor-widget-text-editor\" data-id=\"45e928a\" data-element_type=\"widget\" data-e-type=\"widget\" data-widget_type=\"text-editor.default\">\n\t\t\t\t<div class=\"elementor-widget-container\">\n\t\t\t\t\t\t\t\t\t<p data-start=\"954\" data-end=\"991\">Unsere Website verwendet Cookies, um:<br \/><br \/><\/p><ul data-start=\"993\" data-end=\"1225\"><li data-start=\"993\" data-end=\"1036\"><p data-start=\"995\" data-end=\"1036\">den technischen Betrieb zu erm\u00f6glichen,<\/p><\/li><li data-start=\"1037\" data-end=\"1100\"><p data-start=\"1039\" data-end=\"1100\">die Performance und Sicherheit der Website sicherzustellen,<\/p><\/li><li data-start=\"1101\" data-end=\"1188\"><p data-start=\"1103\" data-end=\"1188\">statistische Analysen durchzuf\u00fchren (mit Google Analytics \u2013 nur nach Einwilligung),<\/p><\/li><li data-start=\"1189\" data-end=\"1225\"><p data-start=\"1191\" data-end=\"1225\">die Nutzererfahrung zu verbessern.<br \/><br \/><\/p><\/li><\/ul><p data-start=\"1227\" data-end=\"1322\">Wir unterscheiden zwischen <strong data-start=\"1254\" data-end=\"1287\">technisch notwendigen Cookies<\/strong> und <strong data-start=\"1292\" data-end=\"1321\">nicht notwendigen Cookies<\/strong>.<\/p>\t\t\t\t\t\t\t\t<\/div>\n\t\t\t\t<\/div>\n\t\t\t\t\t<\/div>\n\t\t\t\t<\/div>\n\t\t<div class=\"elementor-element elementor-element-0936640 e-flex e-con-boxed e-con e-parent\" data-id=\"0936640\" data-element_type=\"container\" data-e-type=\"container\">\n\t\t\t\t\t<div class=\"e-con-inner\">\n\t\t\t\t<div class=\"elementor-element elementor-element-f7428c8 elementor-widget elementor-widget-heading\" data-id=\"f7428c8\" data-element_type=\"widget\" data-e-type=\"widget\" data-widget_type=\"heading.default\">\n\t\t\t\t<div class=\"elementor-widget-container\">\n\t\t\t\t\t<h2 class=\"elementor-heading-title elementor-size-default\">3. Technisch notwendige Cookies<\/h2>\t\t\t\t<\/div>\n\t\t\t\t<\/div>\n\t\t\t\t<div class=\"elementor-element elementor-element-cf038e6 elementor-widget elementor-widget-text-editor\" data-id=\"cf038e6\" data-element_type=\"widget\" data-e-type=\"widget\" data-widget_type=\"text-editor.default\">\n\t\t\t\t<div class=\"elementor-widget-container\">\n\t\t\t\t\t\t\t\t\t<p data-start=\"1370\" data-end=\"1468\">Diese Cookies sind erforderlich, damit die Website ordnungsgem\u00e4\u00df funktioniert. Dazu geh\u00f6ren z. B.:<br \/><br \/><\/p><ul data-start=\"1470\" data-end=\"1582\"><li data-start=\"1470\" data-end=\"1489\"><p data-start=\"1472\" data-end=\"1489\">Session-Cookies<\/p><\/li><li data-start=\"1490\" data-end=\"1524\"><p data-start=\"1492\" data-end=\"1524\">Sicherheits- und Systemcookies<\/p><\/li><li data-start=\"1525\" data-end=\"1582\"><p data-start=\"1527\" data-end=\"1582\">Cookie, das Ihre Einwilligungseinstellungen speichert<br \/><br \/><\/p><\/li><\/ul><p data-start=\"1584\" data-end=\"1630\">Diese Cookies k\u00f6nnen nicht deaktiviert werden.<br \/><br \/><\/p><p data-start=\"1632\" data-end=\"1705\"><strong data-start=\"1632\" data-end=\"1652\">Rechtsgrundlage:<\/strong> Art. 6 Abs. 1 lit. f DSGVO (berechtigtes Interesse).<\/p>\t\t\t\t\t\t\t\t<\/div>\n\t\t\t\t<\/div>\n\t\t\t\t\t<\/div>\n\t\t\t\t<\/div>\n\t\t<div class=\"elementor-element elementor-element-c50a7a3 e-flex e-con-boxed e-con e-parent\" data-id=\"c50a7a3\" data-element_type=\"container\" data-e-type=\"container\">\n\t\t\t\t\t<div class=\"e-con-inner\">\n\t\t\t\t<div class=\"elementor-element elementor-element-4eecdc9 elementor-widget elementor-widget-heading\" data-id=\"4eecdc9\" data-element_type=\"widget\" data-e-type=\"widget\" data-widget_type=\"heading.default\">\n\t\t\t\t<div class=\"elementor-widget-container\">\n\t\t\t\t\t<h2 class=\"elementor-heading-title elementor-size-default\">4. Nicht notwendige Cookies (Analyse &amp; Marketing)<\/h2>\t\t\t\t<\/div>\n\t\t\t\t<\/div>\n\t\t\t\t<div class=\"elementor-element elementor-element-cc35d28 elementor-widget elementor-widget-text-editor\" data-id=\"cc35d28\" data-element_type=\"widget\" data-e-type=\"widget\" data-widget_type=\"text-editor.default\">\n\t\t\t\t<div class=\"elementor-widget-container\">\n\t\t\t\t\t\t\t\t\t<p data-start=\"1771\" data-end=\"1927\">Diese Cookies werden <strong data-start=\"1792\" data-end=\"1838\">nur nach Ihrer ausdr\u00fccklichen Einwilligung<\/strong> gesetzt.<br data-start=\"1847\" data-end=\"1850\" \/>Sie dienen der Analyse des Nutzerverhaltens oder der Optimierung der Website.<br \/><br \/><\/p><h6 data-start=\"1929\" data-end=\"1972\">Beispiele f\u00fcr nicht notwendige Cookies:<\/h6><ul data-start=\"1973\" data-end=\"2025\"><li data-start=\"1973\" data-end=\"2025\"><p data-start=\"1975\" data-end=\"2025\"><strong data-start=\"1975\" data-end=\"2003\">Google Analytics Cookies<\/strong> (Statistik \/ Analyse)<br \/><br \/><br \/><\/p><\/li><\/ul><p data-start=\"2027\" data-end=\"2061\">Diese Cookies erm\u00f6glichen u. a.:<br \/><br \/><\/p><ul data-start=\"2062\" data-end=\"2217\"><li data-start=\"2062\" data-end=\"2092\"><p data-start=\"2064\" data-end=\"2092\">Messung von Seitenaufrufen<\/p><\/li><li data-start=\"2093\" data-end=\"2131\"><p data-start=\"2095\" data-end=\"2131\">Erkennung wiederkehrender Besucher<\/p><\/li><li data-start=\"2132\" data-end=\"2168\"><p data-start=\"2134\" data-end=\"2168\">Analyse von Ger\u00e4ten und Browsern<\/p><\/li><li data-start=\"2169\" data-end=\"2217\"><p data-start=\"2171\" data-end=\"2217\">Auswertung von Verweildauern und Klickpfaden<br \/><br \/><\/p><\/li><\/ul><p data-start=\"2219\" data-end=\"2301\"><strong data-start=\"2219\" data-end=\"2239\">Rechtsgrundlage:<\/strong> Art. 6 Abs. 1 lit. a DSGVO (Einwilligung \u00fcber Cookie-Banner).<br \/><br \/><\/p><p data-start=\"2303\" data-end=\"2379\">Sie k\u00f6nnen Ihre Einwilligung jederzeit widerrufen oder \u00e4ndern (siehe unten).<\/p>\t\t\t\t\t\t\t\t<\/div>\n\t\t\t\t<\/div>\n\t\t\t\t\t<\/div>\n\t\t\t\t<\/div>\n\t\t<div class=\"elementor-element elementor-element-aa3f864 e-flex e-con-boxed e-con e-parent\" data-id=\"aa3f864\" data-element_type=\"container\" data-e-type=\"container\">\n\t\t\t\t\t<div class=\"e-con-inner\">\n\t\t\t\t<div class=\"elementor-element elementor-element-3dd7b7b elementor-widget elementor-widget-heading\" data-id=\"3dd7b7b\" data-element_type=\"widget\" data-e-type=\"widget\" data-widget_type=\"heading.default\">\n\t\t\t\t<div class=\"elementor-widget-container\">\n\t\t\t\t\t<h2 class=\"elementor-heading-title elementor-size-default\">5. Cookies von Google Analytics (Details)<\/h2>\t\t\t\t<\/div>\n\t\t\t\t<\/div>\n\t\t\t\t<div class=\"elementor-element elementor-element-86acd22 elementor-widget elementor-widget-text-editor\" data-id=\"86acd22\" data-element_type=\"widget\" data-e-type=\"widget\" data-widget_type=\"text-editor.default\">\n\t\t\t\t<div class=\"elementor-widget-container\">\n\t\t\t\t\t\t\t\t\t<p data-start=\"2437\" data-end=\"2487\">Wir nutzen Google Analytics nur nach Einwilligung.<\/p><p data-start=\"2489\" data-end=\"2543\">Google Analytics setzt unter anderem folgende Cookies:<br \/><br \/><\/p><table class=\"w-fit min-w-(--thread-content-width)\" data-start=\"2545\" data-end=\"2769\"><thead data-start=\"2545\" data-end=\"2584\"><tr data-start=\"2545\" data-end=\"2584\"><th data-start=\"2545\" data-end=\"2559\" data-col-size=\"sm\">Cookie-Name<\/th><th data-start=\"2559\" data-end=\"2567\" data-col-size=\"sm\">Zweck<\/th><th data-start=\"2567\" data-end=\"2584\" data-col-size=\"sm\">Speicherdauer<\/th><\/tr><\/thead><tbody data-start=\"2626\" data-end=\"2769\"><tr data-start=\"2626\" data-end=\"2672\"><td data-start=\"2626\" data-end=\"2632\" data-col-size=\"sm\">_ga<\/td><td data-start=\"2632\" data-end=\"2661\" data-col-size=\"sm\">Unterscheidung von Nutzern<\/td><td data-col-size=\"sm\" data-start=\"2661\" data-end=\"2672\">2 Jahre<\/td><\/tr><tr data-start=\"2673\" data-end=\"2723\"><td data-start=\"2673\" data-end=\"2680\" data-col-size=\"sm\">_gid<\/td><td data-start=\"2680\" data-end=\"2709\" data-col-size=\"sm\">Unterscheidung von Nutzern<\/td><td data-col-size=\"sm\" data-start=\"2709\" data-end=\"2723\">24 Stunden<\/td><\/tr><tr data-start=\"2724\" data-end=\"2769\"><td data-start=\"2724\" data-end=\"2731\" data-col-size=\"sm\">_gat<\/td><td data-start=\"2731\" data-end=\"2757\" data-col-size=\"sm\">Drosselung von Anfragen<\/td><td data-col-size=\"sm\" data-start=\"2757\" data-end=\"2769\">1 Minute<\/td><\/tr><\/tbody><\/table><p data-start=\"2489\" data-end=\"2543\"><br \/><br \/>Weitere Informationen findest du auch in unserer Datenschutzerkl\u00e4rung unter \u201eGoogle Analytics\u201c.<\/p>\t\t\t\t\t\t\t\t<\/div>\n\t\t\t\t<\/div>\n\t\t\t\t\t<\/div>\n\t\t\t\t<\/div>\n\t\t<div class=\"elementor-element elementor-element-ee6d998 e-flex e-con-boxed e-con e-parent\" data-id=\"ee6d998\" data-element_type=\"container\" data-e-type=\"container\">\n\t\t\t\t\t<div class=\"e-con-inner\">\n\t\t\t\t<div class=\"elementor-element elementor-element-8b24e2a elementor-widget elementor-widget-heading\" data-id=\"8b24e2a\" data-element_type=\"widget\" data-e-type=\"widget\" data-widget_type=\"heading.default\">\n\t\t\t\t<div class=\"elementor-widget-container\">\n\t\t\t\t\t<h2 class=\"elementor-heading-title elementor-size-default\">6. Einwilligungsverwaltung (Cookie-Banner)<\/h2>\t\t\t\t<\/div>\n\t\t\t\t<\/div>\n\t\t\t\t<div class=\"elementor-element elementor-element-1e3bb4f elementor-widget elementor-widget-text-editor\" data-id=\"1e3bb4f\" data-element_type=\"widget\" data-e-type=\"widget\" data-widget_type=\"text-editor.default\">\n\t\t\t\t<div class=\"elementor-widget-container\">\n\t\t\t\t\t\t\t\t\t<p data-start=\"2925\" data-end=\"3006\">Beim ersten Besuch unserer Website erscheint ein <strong data-start=\"2974\" data-end=\"2991\">Cookie-Banner<\/strong>, \u00fcber das Sie:<br \/><br \/><\/p><ul data-start=\"3008\" data-end=\"3139\"><li data-start=\"3008\" data-end=\"3041\"><p data-start=\"3010\" data-end=\"3041\"><strong data-start=\"3010\" data-end=\"3038\">alle Cookies akzeptieren<\/strong>,<\/p><\/li><li data-start=\"3042\" data-end=\"3085\"><p data-start=\"3044\" data-end=\"3085\"><strong data-start=\"3044\" data-end=\"3082\">nur notwendige Cookies akzeptieren<\/strong>,<\/p><\/li><li data-start=\"3086\" data-end=\"3139\"><p data-start=\"3088\" data-end=\"3139\">oder <strong data-start=\"3093\" data-end=\"3123\">individuelle Einstellungen<\/strong> treffen k\u00f6nnen.<br \/><br \/><\/p><\/li><\/ul><p data-start=\"3141\" data-end=\"3209\">Das Banner protokolliert die Einwilligung gem\u00e4\u00df DSGVO-Anforderungen.<\/p><p data-start=\"3211\" data-end=\"3273\">Sie k\u00f6nnen Ihre Einwilligung jederzeit \u00e4ndern oder widerrufen:<br \/><br \/>Link zu \u201eCookie-Einstellungen \u00e4ndern\u201c &#8211; kommt\u00a0<\/p>\t\t\t\t\t\t\t\t<\/div>\n\t\t\t\t<\/div>\n\t\t\t\t\t<\/div>\n\t\t\t\t<\/div>\n\t\t<div class=\"elementor-element elementor-element-6b78f59 e-flex e-con-boxed e-con e-parent\" data-id=\"6b78f59\" data-element_type=\"container\" data-e-type=\"container\">\n\t\t\t\t\t<div class=\"e-con-inner\">\n\t\t\t\t<div class=\"elementor-element elementor-element-17e7dcd elementor-widget elementor-widget-heading\" data-id=\"17e7dcd\" data-element_type=\"widget\" data-e-type=\"widget\" data-widget_type=\"heading.default\">\n\t\t\t\t<div class=\"elementor-widget-container\">\n\t\t\t\t\t<h2 class=\"elementor-heading-title elementor-size-default\">7. Widerruf der Einwilligung<\/h2>\t\t\t\t<\/div>\n\t\t\t\t<\/div>\n\t\t\t\t<div class=\"elementor-element elementor-element-801f39f elementor-widget elementor-widget-text-editor\" data-id=\"801f39f\" data-element_type=\"widget\" data-e-type=\"widget\" data-widget_type=\"text-editor.default\">\n\t\t\t\t<div class=\"elementor-widget-container\">\n\t\t\t\t\t\t\t\t\t<p data-start=\"3532\" data-end=\"3543\">Sie k\u00f6nnen:<br \/><br \/><\/p><ul data-start=\"3545\" data-end=\"3763\"><li data-start=\"3545\" data-end=\"3622\"><p data-start=\"3547\" data-end=\"3622\">Ihre Cookie-Einstellungen \u00fcber den Cookie-Banner-Link jederzeit anpassen,<\/p><\/li><li data-start=\"3623\" data-end=\"3678\"><p data-start=\"3625\" data-end=\"3678\">Cookies \u00fcber Ihren Browser l\u00f6schen oder blockieren,<\/p><\/li><li data-start=\"3679\" data-end=\"3763\"><p data-start=\"3681\" data-end=\"3763\">das Analytics-Browser-Add-on nutzen:<br data-start=\"3717\" data-end=\"3720\" \/><a class=\"decorated-link\" href=\"https:\/\/tools.google.com\/dlpage\/gaoptout\/\" target=\"_new\" rel=\"noopener\" data-start=\"3722\" data-end=\"3763\"><span style=\"font-size: 14px;\">https:\/\/tools.google.com\/dlpage\/gaoptout<\/span>\/<\/a><\/p><\/li><\/ul>\t\t\t\t\t\t\t\t<\/div>\n\t\t\t\t<\/div>\n\t\t\t\t\t<\/div>\n\t\t\t\t<\/div>\n\t\t<div class=\"elementor-element elementor-element-60c373e e-flex e-con-boxed e-con e-parent\" data-id=\"60c373e\" data-element_type=\"container\" data-e-type=\"container\">\n\t\t\t\t\t<div class=\"e-con-inner\">\n\t\t\t\t<div class=\"elementor-element elementor-element-44e59be elementor-widget elementor-widget-heading\" data-id=\"44e59be\" data-element_type=\"widget\" data-e-type=\"widget\" data-widget_type=\"heading.default\">\n\t\t\t\t<div class=\"elementor-widget-container\">\n\t\t\t\t\t<h2 class=\"elementor-heading-title elementor-size-default\">8. Cookie-L\u00f6schung im Browser<\/h2>\t\t\t\t<\/div>\n\t\t\t\t<\/div>\n\t\t\t\t<div class=\"elementor-element elementor-element-2b75321 elementor-widget elementor-widget-text-editor\" data-id=\"2b75321\" data-element_type=\"widget\" data-e-type=\"widget\" data-widget_type=\"text-editor.default\">\n\t\t\t\t<div class=\"elementor-widget-container\">\n\t\t\t\t\t\t\t\t\t<p data-start=\"3809\" data-end=\"3881\">Sie k\u00f6nnen Cookies in allen g\u00e4ngigen Browsern l\u00f6schen oder deaktivieren:<br \/><br \/><\/p><ul data-start=\"3883\" data-end=\"3935\"><li data-start=\"3883\" data-end=\"3893\"><p data-start=\"3885\" data-end=\"3893\">Chrome<\/p><\/li><li data-start=\"3894\" data-end=\"3905\"><p data-start=\"3896\" data-end=\"3905\">Firefox<\/p><\/li><li data-start=\"3906\" data-end=\"3916\"><p data-start=\"3908\" data-end=\"3916\">Safari<\/p><\/li><li data-start=\"3917\" data-end=\"3925\"><p data-start=\"3919\" data-end=\"3925\">Edge<\/p><\/li><li data-start=\"3926\" data-end=\"3935\"><p data-start=\"3928\" data-end=\"3935\">Opera<br \/><br \/><\/p><\/li><\/ul><p data-start=\"3937\" data-end=\"4050\">Beachten Sie, dass die Funktionalit\u00e4t der Website bei vollst\u00e4ndiger Cookie-Deaktivierung eingeschr\u00e4nkt sein kann.<\/p>\t\t\t\t\t\t\t\t<\/div>\n\t\t\t\t<\/div>\n\t\t\t\t\t<\/div>\n\t\t\t\t<\/div>\n\t\t<div class=\"elementor-element elementor-element-63504d2 e-flex e-con-boxed e-con e-parent\" data-id=\"63504d2\" data-element_type=\"container\" data-e-type=\"container\">\n\t\t\t\t\t<div class=\"e-con-inner\">\n\t\t\t\t<div class=\"elementor-element elementor-element-a438cec elementor-widget elementor-widget-heading\" data-id=\"a438cec\" data-element_type=\"widget\" data-e-type=\"widget\" data-widget_type=\"heading.default\">\n\t\t\t\t<div class=\"elementor-widget-container\">\n\t\t\t\t\t<h2 class=\"elementor-heading-title elementor-size-default\">9. Drittl\u00e4nder (USA) \u2013 Hinweis<\/h2>\t\t\t\t<\/div>\n\t\t\t\t<\/div>\n\t\t\t\t<div class=\"elementor-element elementor-element-0445038 elementor-widget elementor-widget-text-editor\" data-id=\"0445038\" data-element_type=\"widget\" data-e-type=\"widget\" data-widget_type=\"text-editor.default\">\n\t\t\t\t<div class=\"elementor-widget-container\">\n\t\t\t\t\t\t\t\t\t<p data-start=\"4097\" data-end=\"4355\">Bei Verwendung von Diensten wie Google Analytics kann eine \u00dcbermittlung von Daten in die USA erfolgen.<br data-start=\"4199\" data-end=\"4202\" \/>F\u00fcr diese \u00dcbermittlung werden <strong data-start=\"4232\" data-end=\"4266\">Standardvertragsklauseln (SCC)<\/strong> verwendet.<br data-start=\"4277\" data-end=\"4280\" \/>Es besteht dennoch das Risiko, dass US-Beh\u00f6rden auf Daten zugreifen k\u00f6nnen.<\/p>\t\t\t\t\t\t\t\t<\/div>\n\t\t\t\t<\/div>\n\t\t\t\t\t<\/div>\n\t\t\t\t<\/div>\n\t\t<div class=\"elementor-element elementor-element-b774f3f e-flex e-con-boxed e-con e-parent\" data-id=\"b774f3f\" data-element_type=\"container\" data-e-type=\"container\">\n\t\t\t\t\t<div class=\"e-con-inner\">\n\t\t\t\t<div class=\"elementor-element elementor-element-2163546 elementor-widget elementor-widget-heading\" data-id=\"2163546\" data-element_type=\"widget\" data-e-type=\"widget\" data-widget_type=\"heading.default\">\n\t\t\t\t<div class=\"elementor-widget-container\">\n\t\t\t\t\t<h2 class=\"elementor-heading-title elementor-size-default\">10. Kontakt<\/h2>\t\t\t\t<\/div>\n\t\t\t\t<\/div>\n\t\t\t\t<div class=\"elementor-element elementor-element-d765ca8 elementor-widget elementor-widget-text-editor\" data-id=\"d765ca8\" data-element_type=\"widget\" data-e-type=\"widget\" data-widget_type=\"text-editor.default\">\n\t\t\t\t<div class=\"elementor-widget-container\">\n\t\t\t\t\t\t\t\t\t<p>L\u00f6wenstein-Unternehmenskommunikation<br \/>Inhaber: Stefan Lallecke<br \/>Wielandstra\u00dfe 14<br \/>06114 Halle (Saale)<br \/>Deutschland<br \/><br \/><\/p><p data-start=\"792\" data-end=\"838\">E-Mail: post@loewenstein-marketing.de<br data-start=\"816\" data-end=\"819\" \/>Telefon: +49.177 25 77 120<\/p>\t\t\t\t\t\t\t\t<\/div>\n\t\t\t\t<\/div>\n\t\t\t\t\t<\/div>\n\t\t\t\t<\/div>\n\t\t\t\t<\/div>\n\t\t","protected":false},"excerpt":{"rendered":"<p>COOKIE-RICHTLINIE (EU) L\u00f6wenstein-Unternehmenskommunikation 1. Was sind Cookies? Cookies sind kleine Textdateien, die beim Besuch einer Website auf Ihrem Endger\u00e4t gespeichert werden. Cookies erm\u00f6glichen es der Website, Ihr Ger\u00e4t zu erkennen, Einstellungen zu speichern oder Nutzungsdaten zu analysieren. Cookies werden in tempor\u00e4re (Session-Cookies) und dauerhafte Cookies sowie in eigene und Drittanbieter-Cookies unterteilt. 2. Wie wir Cookies [&hellip;]<\/p>\n","protected":false},"author":2,"featured_media":0,"parent":0,"menu_order":0,"comment_status":"closed","ping_status":"closed","template":"","meta":{"footnotes":""},"class_list":["post-782","page","type-page","status-publish","hentry"],"_links":{"self":[{"href":"https:\/\/www.loewenstein-marketing.de\/index.php\/wp-json\/wp\/v2\/pages\/782","targetHints":{"allow":["GET"]}}],"collection":[{"href":"https:\/\/www.loewenstein-marketing.de\/index.php\/wp-json\/wp\/v2\/pages"}],"about":[{"href":"https:\/\/www.loewenstein-marketing.de\/index.php\/wp-json\/wp\/v2\/types\/page"}],"author":[{"embeddable":true,"href":"https:\/\/www.loewenstein-marketing.de\/index.php\/wp-json\/wp\/v2\/users\/2"}],"replies":[{"embeddable":true,"href":"https:\/\/www.loewenstein-marketing.de\/index.php\/wp-json\/wp\/v2\/comments?post=782"}],"version-history":[{"count":4,"href":"https:\/\/www.loewenstein-marketing.de\/index.php\/wp-json\/wp\/v2\/pages\/782\/revisions"}],"predecessor-version":[{"id":801,"href":"https:\/\/www.loewenstein-marketing.de\/index.php\/wp-json\/wp\/v2\/pages\/782\/revisions\/801"}],"wp:attachment":[{"href":"https:\/\/www.loewenstein-marketing.de\/index.php\/wp-json\/wp\/v2\/media?parent=782"}],"curies":[{"name":"wp","href":"https:\/\/api.w.org\/{rel}","templated":true}]}}